{"id":2286,"date":"2018-05-20T10:24:28","date_gmt":"2018-05-20T08:24:28","guid":{"rendered":"https:\/\/www.misenti.se\/?page_id=2286"},"modified":"2018-05-20T10:28:09","modified_gmt":"2018-05-20T08:28:09","slug":"gdpr","status":"publish","type":"page","link":"https:\/\/www.misenti.se\/?page_id=2286","title":{"rendered":"GDPR"},"content":{"rendered":"<p>MiSenti AB hanterar dina personuppgifter enligt den nya lagen om GDPR.\u00a0 Enbart e-postadresser finns sparade utifr\u00e5n g\u00e4llande avtal enligt bokf\u00f6ringslagen. Du kan n\u00e4r som helst ta <a href=\"malin@misenti.se\">kontak<\/a>t \u00a0f\u00f6r att f\u00e5 information, beg\u00e4ra r\u00e4ttelse, \u00f6verf\u00f6ring, radering eller begr\u00e4nsning av dina personuppgifter.<\/p>\n","protected":false},"excerpt":{"rendered":"<p>MiSenti AB hanterar dina personuppgifter enligt den nya lagen om GDPR.\u00a0 Enbart e-postadresser finns sparade utifr\u00e5n g\u00e4llande avtal enligt bokf\u00f6ringslagen. Du kan n\u00e4r som helst ta kontakt \u00a0f\u00f6r att f\u00e5 information, beg\u00e4ra r\u00e4ttelse, \u00f6verf\u00f6ring, radering eller begr\u00e4nsning av dina personuppgifter.<\/p>\n","protected":false},"author":7,"featured_media":0,"parent":0,"menu_order":0,"comment_status":"closed","ping_status":"closed","template":"","meta":{"footnotes":""},"class_list":["post-2286","page","type-page","status-publish","hentry"],"_links":{"self":[{"href":"https:\/\/www.misenti.se\/index.php?rest_route=\/wp\/v2\/pages\/2286","targetHints":{"allow":["GET"]}}],"collection":[{"href":"https:\/\/www.misenti.se\/index.php?rest_route=\/wp\/v2\/pages"}],"about":[{"href":"https:\/\/www.misenti.se\/index.php?rest_route=\/wp\/v2\/types\/page"}],"author":[{"embeddable":true,"href":"https:\/\/www.misenti.se\/index.php?rest_route=\/wp\/v2\/users\/7"}],"replies":[{"embeddable":true,"href":"https:\/\/www.misenti.se\/index.php?rest_route=%2Fwp%2Fv2%2Fcomments&post=2286"}],"version-history":[{"count":5,"href":"https:\/\/www.misenti.se\/index.php?rest_route=\/wp\/v2\/pages\/2286\/revisions"}],"predecessor-version":[{"id":2293,"href":"https:\/\/www.misenti.se\/index.php?rest_route=\/wp\/v2\/pages\/2286\/revisions\/2293"}],"wp:attachment":[{"href":"https:\/\/www.misenti.se\/index.php?rest_route=%2Fwp%2Fv2%2Fmedia&parent=2286"}],"curies":[{"name":"wp","href":"https:\/\/api.w.org\/{rel}","templated":true}]}}